= -1186, -a + i*a - 788 = 4*d. List the prime factors of a.
2, 199
List the prime factors of -7 + -13 + 9 + (-2 - -32037).
2, 4003
Let w be (24/24)/(2/1128). Let l = 835 - w. What are the prime factors of l?
271
What are the prime factors of 0 + (2/(-10))/(28/(-989660))?
7069
Suppose 7*b = 24*b + 16779. Let a = -49 - b. What are the prime factors of a?
2, 7, 67
Let k be (-30)/(-7) - 4/14. Suppose 132 = 2*l + 4*c - 806, -3*c - 1931 = -k*l. List the prime factors of l.
479
Let l(d) = -7*d**3 + 2*d**2 + 3*d + 1. Let q be l(-1). What are the prime factors of 2075/q - (-196)/343?
3, 11
Suppose -4*i - 46*m + 4343 = -43*m, -2*i = -2*m - 2154. What are the prime factors of i?
2, 541
Let k be 0 - 3 - 42/(-7). List the prime factors of -369*(-3*k/3 - -2).
3, 41
Let h be ((-2 + 136)*-5)/((-3)/6). Suppose -11*s = -21*s + h. Let f = s + -82. List the prime factors of f.
2, 13
Let g(k) = 4477*k**3 - 14*k**2 - 8*k + 14. List the prime factors of g(2).
2, 19, 941
Let h(d) be the second derivative of d**4/6 + 19*d**3/6 - 67*d**2/2 + d + 97. List the prime factors of h(-20).
353
Let i(b) = b**3 - 6*b**2 + 9*b - 7. Let t be i(3). Let o = t - -4. What are the prime factors of (-8)/(-6)*(6 + o)?
2
Let z = 2592 - 2584. Let m = 156 - -523. Suppose -2*t + n = -5*t + m, 0 = -4*n - z. List the prime factors of t.
227
Let r(k) = 380*k - 3219. List the prime factors of r(34).
89, 109
Let s(h) = 3*h + 45. Let k be s(-15). Suppose 5*b = -u + 24, 4*u - 11 = -3*b - k. Suppose -603 - 7 = -5*v - b*n, 2*n + 113 = v. List the prime factors of v.
7, 17
Let p(f) = f**3 + f**2 - 6*f + 4794. Let v be p(0). Suppose v = 21*o - 18747. What are the prime factors of o?
19, 59
Let j(o) = 6*o - 15 - 12 + 440*o**2 + 33. What are the prime factors of j(-1)?
2, 5, 11
Suppose 542*q = 194*q + 10079472. What are the prime factors of q?
2, 13, 557
Let w(v) be the second derivative of v**5/20 - v**4/4 - 2*v**3/3 - 8*v**2 + 33*v. Let h be w(5). Suppose -h*i - 825 = -19*i. List the prime factors of i.
3, 5, 11
Let u = 4166 - 2753. Suppose 2*f = -5*y + 8*y - u, 4*y - 1884 = -3*f. What are the prime factors of y?
3, 157
Let a be (-3)/(-1 - (-8)/7). Let x = a - -232. Suppose -2*c + x = 57. List the prime factors of c.
7, 11
Suppose 0 = -51*l + 55*l + 296. Let o = l - 61. Let x = o - -197. List the prime factors of x.
2, 31
Suppose -15*a + 191628 + 65142 = 0. List the prime factors of a.
2, 3, 317
Suppose -z + 5*j + 12 = -16, 4*z - j = 36. Let t be 8/(-6)*(-36)/z. Suppose -t*a + 143 = -115. What are the prime factors of a?
43
List the prime factors of 3 - 20 - (-571872)/28.
20407
What are the prime factors of (2 - -909) + 88/(-11)?
3, 7, 43
Suppose -c = -4*x + 38844, -4*x - c + 8844 = -30000. List the prime factors of x.
3, 13, 83
Let w(u) = u**3 + u**2 - 13*u + 9. Let s be w(-8). Let r = s - -588. What are the prime factors of r?
11, 23
Let i(y) = 4712*y**3 - 5*y**2 - 15*y + 51. List the prime factors of i(2).
11, 23, 149
Let h(g) = g**2 - 2*g + 2. Let l be h(2). Suppose c + l*d = 5, -c - 4*d = -1 - 6. Suppose 60 - 374 = -3*v + 2*s, 3*v + c*s = 324. List the prime factors of v.
2, 53
Let v be 2/13 + 30/(-26). Let j be (v/(-2) - 0)*10. What are the prime factors of (5 - -10)*8/j?
2, 3
Let n(u) = 9*u**2 - 3*u + 12. Let s be n(4). Suppose 4*h + 0*r - s = -4*r, h - 4*r - 16 = 0. Let x = 65 - h. What are the prime factors of x?
3, 11
Let z(f) = 2*f**2 + 79*f + 31. Let k be z(-23). What are the prime factors of (-10544)/(-7) + 13/(k/16)?
2, 3, 251
Let f(r) = 15*r + 138. Let p be f(-9). Suppose 0 = -p*x - 5*y + 781, -3*y - 5 = -11. List the prime factors of x.
257
Suppose 138*h - 139*h = -1624. Let y = h - 471. What are the prime factors of y?
1153
Let y = 83273 + -43276. What are the prime factors of y?
23, 37, 47
Let k be (-99)/(-15) + (-4 - 85/(-25)). Let m(x) = -x**3 - k - x - 7*x**2 - 2*x - 3*x**3 + 6*x**2. What are the prime factors of m(-2)?
2, 7
Let q(x) = x**2 - x - 6. Suppose 0*i + 3*t = 3*i + 3, -t + 21 = 4*i. Let p be q(i). Suppose 0 = -p*o + 217 + 47. List the prime factors of o.
2, 11
Let a be 1/((25/305)/(-5)). What are the prime factors of (a - -43)/((-3)/68 - 0)?
2, 3, 17
Let k = -1005 + 8798. List the prime factors of k.
7793
Let g be (-70930)/25 + (-7)/(-35). Let l = g + 4017. List the prime factors of l.
2, 5, 59
Suppose 0 = -8*z - 6*z + 123539 + 55535. List the prime factors of z.
12791
Let l be 133/28 + 6/(-8). Let s be 1/(17/20 - 3/5). Suppose f = -1, 0 = s*z - 2*z - l*f - 112. List the prime factors of z.
2, 3
Suppose -4*k = -2*o - 10, -4*k - 2*o + 15 = -7. Let r(p) = 4*p**2. Let x be r(5). Suppose 5*i = i + 2*c + x, -k*c - 16 = 0. List the prime factors of i.
23
Let x(g) = 161*g + 44. Suppose 15*n - 84 = 6. What are the prime factors of x(n)?
2, 5, 101
Let z = 180 - 183. Let t(n) = -63*n - 2. What are the prime factors of t(z)?
11, 17
Suppose 2*v - 14978 = -2*u, 7*u + 22483 = 3*v + 8*u. What are the prime factors of v?
3, 7, 17
Let o(c) = -6*c - 27. Let n be o(-6). Suppose 8*x + 106 = n*x. What are the prime factors of x?
2, 53
List the prime factors of ((-2588)/(-8))/(((-72)/128)/(-9)).
2, 647
Let a(b) = 11*b + 26. Let g(k) = -12*k - 25. Let l(q) = 4*a(q) + 3*g(q). List the prime factors of l(17).
3, 5, 11
Suppose 546715 = -62*q - 99*q + 2647765. What are the prime factors of q?
2, 3, 5, 29
Suppose 39*g = 37*g + 4. Let p(u) = -1 + 5 + u**3 + 11 + 4*u - 11*u**g - 2*u**3. What are the prime factors of p(-12)?
3, 37
Let u = -86 + 99. Suppose 0 = 7*n + u*n - 11220. List the prime factors of n.
3, 11, 17
Let g be (-2)/4*8/(-2). Suppose -g*d = -68 - 82. Suppose -r - r + 3*a = -d, -2*a + 50 = 2*r. List the prime factors of r.
2, 3, 5
Let q(u) = 3*u**2 + 6*u - 2. Suppose 12*l - 2*l = 40. Let k be q(l). Suppose -t + k = 13*t. List the prime factors of t.
5
Let y(v) = v**3 - v**2 + v - 1. Let c(w) = -2*w**3 + 19*w**2 + 2*w + 33. Let h(r) = c(r) + 3*y(r). What are the prime factors of h(-14)?
2, 11
Let l(z) = 9*z**3 + 9*z**2 - 63*z + 81. List the prime factors of l(10).
3, 1039
Suppose -10*n + 6*n = 8, -5*x + 2*n + 14919 = 0. List the prime factors of x.
19, 157
Suppose -42767 = -27*v + 196291. What are the prime factors of v?
2, 19, 233
Suppose -h = -4*u - 6*h + 30, 2*u - 3*h = 4. Suppose -4*a - 2260 = -4*v, 0 = 5*v - 4*v + u*a - 589. What are the prime factors of v?
569
Suppose 4*t + 2 = 114. Suppose 4*o = 6*o - t. Suppose -81 = -5*u + o. List the prime factors of u.
19
Let o(z) = -27*z**3 - 45*z**2 - 128*z - 9. What are the prime factors of o(-3)?
3, 233
Suppose -2*t - 3*l + 7 = 0, 3*t - l = 2*t + 16. Let v = 12 - t. What are the prime factors of 1*(v + 0)*43?
43
Let i = -169 + 392. Let r = -128 + i. What are the prime factors of r?
5, 19
Let x be 67/13 + 6/(-39). Suppose 0 = -2*f + b + 10, -9 = -x*f - 2*b + 7. What are the prime factors of (-1 + 0 + f)*47?
3, 47
Let v = -1580 + 32012. What are the prime factors of v?
2, 3, 317
Suppose -46*v + 132917 = -23*v. Suppose 4*y - 5*u = v, -y + 5*y = 4*u + 5780. List the prime factors of y.
2, 3, 241
Suppose 55*a - 1028762 - 826883 = 0. List the prime factors of a.
33739
Suppose -31737 = -3*k + 3*y - 1254, 0 = -3*k + 2*y + 30479. What are the prime factors of k?
7, 1451
Let k = -50 + 31. Let m = 43 + k. What are the prime factors of 560/m*(-12)/(-10)?
2, 7
Let g(h) = -h**3 + 11*h**2 + 3*h. Let z be g(10). Let i = 12 - 7. Suppose -505 = -i*l - z. List the prime factors of l.
3, 5
Suppose 3*u = -4*f + 24834, -4014 - 4296 = -u + 4*f. What are the prime factors of u?
2, 3, 1381
Let c be (-176)/1144 - (-3226)/13. Let y(p) = -19*p**2 - 2. Let j be y(3). Let x = j + c. List the prime factors of x.
3, 5
Let a be (22/(-3) - -6)*-3. What are the prime factors of (-10 - -8)/(a/(-514))?
257
Suppose 7*f + 9*f - 4624 = 0. What are the prime factors of f/(-4)*(-18 - -13 - -1)?
17
Suppose 4*o = -4*p - 8, -6*p + 2*p + 3*o - 8 = 0. Let f be (p/6 - (-1)/(-6))*0. Suppose f = c + 3 - 25. What are the prime factors of c?
2, 11
Suppose 28 - 3 = 5*g. Suppose -135 = g*k + 4*j - 7, 4*j - 64 = 3*k. What are the prime factors of (-18)/k - (2 - (-57)/(-4))?
13
Let y(n) = -n**3 - 16*n**2 + n + 18. Let w be y(-16). Suppose -22*c + 20*c = -10, -w*c + 2505 = 5*q. List the prime factors of q.
499
Let m = 229 - 301. List the prime factors of (-6)/27 - 55600/m.
2, 193
List the pr